*i(q) - o(q). Let a = -15 - -19. What are the prime factors of m(a)?
3, 23
List the prime factors of (-91996)/(-24) + -1 + (-99)/(-54).
2, 3, 71
Let s(h) = h**3 + 13*h**2 - h - 8. Let p be s(-13). Let j(b) = 0*b - p*b - 1 - 4*b + b. What are the prime factors of j(-10)?
79
Suppose 102*p + 68127 = 110*p + 3*g, -4*p = 3*g - 34059. List the prime factors of p.
3, 17, 167
Let j(y) = 3*y - 622*y**3 - y - 2*y + 1328*y**3 - 4 - 2*y**2 + 5*y. List the prime factors of j(1).
3, 5, 47
Let h(b) = 129*b**2 + 91*b - 673. What are the prime factors of h(21)?
37, 1571
Let x = -73 + 61. Let d(q) = -17*q**2 + 5*q + 16. Let w be d(9). List the prime factors of w/x - 2/(-6).
2, 5, 11
Let k be (-140)/(3 + -1 + -4). Let j = k + -50. Suppose -5*i = -0*i - j, 89 = d - 3*i. What are the prime factors of d?
101
Let r(m) = 12*m - 57. Let x = 49 + -41. List the prime factors of r(x).
3, 13
Let k be (35/70)/(2/52). Suppose 0 = g - 15 + k. What are the prime factors of 4092/403 - g/13?
2, 5
Let r = -2990 - -8383. What are the prime factors of r?
5393
Suppose 2*g - 8 = 6*g - 4*h, 4*g - 5*h = -8. Let i be -3*g/(-18)*-9. Suppose -i*o + 557 - 206 = 0. What are the prime factors of o?
3, 13
Suppose 3*h + 3*b - 36612 = 0, -8*h - 3*b = -10*h + 24408. List the prime factors of h.
2, 3, 113
Suppose 0*y + 4*i = y - 11701, -5*y + 58590 = -3*i. What are the prime factors of y?
3, 3907
Let w = 13 + -11. Let p(x) = 9*x**w - 3 - 11*x**2 - 4*x + 3*x**2. List the prime factors of p(-2).
3
Let z be ((-1)/(-6)*2)/((-5)/15). Let o be (z - (1 - 4)) + 99. Let t = o - 4. List the prime factors of t.
97
Let q(u) = -u**2 + u + 2. Let m(d) = d**2 + 11*d + 28. Let v be m(-7). Let z be q(v). Suppose -z*x = -67 - 71. What are the prime factors of x?
3, 23
Suppose -2*l - 112 + 112 = 0. Suppose -h = -l*x - x - 11, -2*h - 8 = x. Let g(z) = z**2 + 6*z - 21. What are the prime factors of g(x)?
19
What are the prime factors of 1300/(8 - (295/20)/((-259)/(-140)))?
2, 5, 13, 37
What are the prime factors of (-69010)/(-14) + (-12 - 492/(-42))?
3, 31, 53
Suppose -4*x - 4 = -j - 2*j, 0 = -x + 2*j - 6. Let t be 3/x + -42*(-4)/(-16). Let i(f) = -f**3 - 10*f**2 - 13*f - 13. List the prime factors of i(t).
23
Let d be 4/(-1) - (-7 - 2). Suppose -9*o + d*o = 0. Suppose -5*h - 5*r + 155 = 0, o*h + r = -5*h + 155. What are the prime factors of h?
31
Let b(z) = 874*z**2 - 37*z + 38. Let w be b(1). Suppose -42*o + 47*o - w = 0. What are the prime factors of o?
5, 7
Suppose 0 = 30*f - 27357 - 209283. What are the prime factors of f?
2, 17, 29
What are the prime factors of 191 - 182 - 4217/(-1)?
2, 2113
Suppose 68 + 10 = 13*o. Let f(l) = 3*l**3 - 2*l**2 - 25*l + 3. What are the prime factors of f(o)?
3, 11, 13
Suppose 15*a + 9*a + 139635 = 685515. List the prime factors of a.
5, 4549
Let o = -111 - -41. Let a be ((-2)/((-4)/59))/(35/o). Let l = -13 - a. List the prime factors of l.
2, 23
Suppose 4*n + 3*q + 508 = 0, 0*n + 3*q - 662 = 5*n. Let t be 3/(8/20 - (-42)/n). Suppose -2*m + 61 = 2*z - t, -2*z + 90 = -3*m. List the prime factors of z.
2, 3
Suppose -4*d + 6*d = -2*g - 22, 2*d + 4*g = -12. List the prime factors of d/(-144) + 15496/18.
3, 7, 41
Let t(n) = 4*n**2 - 18*n - 6. Let g be t(5). Let y(p) = 40 + 0*p - g*p + p**2 - 7*p. List the prime factors of y(16).
2, 3, 5
Let n = 144 + -142. Suppose 4*u - 35 = -g, -3*u = 3*g - n*u - 149. What are the prime factors of g?
3, 17
Let b = -43 + 44. List the prime factors of -231*((1 - b) + (-60)/36).
5, 7, 11
Suppose -3*h = 2*z - 2576, 0 = 5*h - h - 2*z - 3416. Let s = h - 498. List the prime factors of s.
2, 179
Suppose -4*w - 4*r = -9*w + 55, 4 = -3*w - 5*r. Suppose w*o = 2766 + 1847. List the prime factors of o.
659
Suppose -14*k - 5 + 5 = 0. Suppose -x - h = 2*x - 135, k = 3*x + 4*h - 144. List the prime factors of x.
2, 11
Suppose -7454907 = -208*b + 531877. What are the prime factors of b?
2, 73, 263
Let q = 136553 - 79270. What are the prime factors of q?
57283
Suppose -2*y + 0*v = -4*v, -3*v - 1 = -2*y. Suppose 3*c = -y*k + 1121, 2*k + 410 - 1566 = 4*c. What are the prime factors of k?
2, 71
Let i(m) = -m + 2. Let c(b) = 179*b + 7. Let t(r) = -c(r) + 3*i(r). List the prime factors of t(-1).
181
Let n = 26 + -14. Let o(d) = -124*d - n*d**2 + 151*d + 0*d**2 + 7 - d**3. What are the prime factors of o(-14)?
3, 7
Let x = 2679 + -721. Suppose -4*j + 1565 = w, 5*j - w = -4*w + x. Suppose j = 5*u - 3*n, u - 4*n + 2*n = 81. List the prime factors of u.
7, 11
Suppose -1 = 3*r + 3*l + 2, 40 = 5*r - 4*l. Suppose -12 = r*s - 252. Suppose 5*d + s = 895. List the prime factors of d.
167
Let s = 59 + -67. Let f be ((-2)/3)/(s/(-6))*0. Suppose -3*w + 2*w + 20 = f. List the prime factors of w.
2, 5
Let n(o) be the third derivative of -7*o**6/60 + o**5/30 + 7*o**4/24 + o**3 + 123*o**2. What are the prime factors of n(-4)?
2, 3, 151
Let r be 10/25 - (-2 - (-44)/10). Let g be r/(-3)*6 + -4. Suppose -4*q = -g*q - 164. List the prime factors of q.
41
Let p = -1694 - -3678. List the prime factors of p.
2, 31
Suppose 2326 + 9001 = 7*p - 2253. What are the prime factors of p?
2, 5, 97
Suppose 23*n - 19*n = -5*q + 189923, -2*q + 3*n = -75937. List the prime factors of q.
163, 233
Let k(f) = -3*f**3 - 2*f**2 - 16*f - 42. What are the prime factors of k(-10)?
2, 1459
Let v = -128 - -321. Let u = -168 + v. List the prime factors of u.
5
Let y = -722 + 754. Suppose 37*l - 2220 = y*l. What are the prime factors of l?
2, 3, 37
Let f = 4 + -10. Let q(h) = 22*h + 42. Let b be q(-9). List the prime factors of (b/(-30))/(f/(-15)).
13
Suppose 115*g + 98661 - 2055 = 121*g. List the prime factors of g.
3, 1789
Let v(f) be the second derivative of -f**4/12 + 4*f**3 - 31*f**2/2 + 4*f. Let i be v(23). List the prime factors of ((-42)/i)/(6/112).
2, 7
Let f(m) be the second derivative of m**5/20 - 5*m**4/12 - 5*m**3/6 - 12*m. Let y be f(6). Let p(g) = 12*g + 8. List the prime factors of p(y).
2, 5
Let w(h) = -2*h**2 + 21*h - 16. Let q be w(9). Suppose -j = -65 + q. What are the prime factors of j?
2, 3
Let o = -207 + 389. Suppose 0 = -3*q + 61 + o. What are the prime factors of q?
3
Suppose -4*k - 4*k + 2776 = 0. Suppose -786 - k = -u. What are the prime factors of u?
11, 103
Suppose -10*s + 11*s = -3*z - 48, 0 = 5*s + z + 268. Suppose -3*m + 169 = -14. Let a = s + m. List the prime factors of a.
7
Let i be ((-1261)/26)/(2/(-8)). Suppose -2*j = -6*q + 2*q - i, -q = 5*j - 540. Suppose -2*v + v = -j. List the prime factors of v.
107
Suppose 3*h + 940615 = 68*h - 0*h. What are the prime factors of h?
29, 499
List the prime factors of 3810/10*(11 - 2) - -1*6.
3, 5, 229
Let a(z) = -z**3 - 2*z**2 - z - 1. Let d be a(-2). Let v be (d + 5)/12*(-308)/(-2). Let x = v + -31. What are the prime factors of x?
2, 23
Let p(t) = -t**3 - 9*t**2 - 15*t - 51. Let h be p(-8). What are the prime factors of 4 + (h - -752) + -4 + 9?
2, 383
Suppose 3*p + 0*p = v + 29, -5*v + 5 = 0. Suppose -2165 = -15*q + p*q. What are the prime factors of q?
433
Suppose -2*k + 9*k - 14 = 0. Suppose 2*o = -3*g + 4183, k*g + 3*o = -2*g + 5578. List the prime factors of g.
7, 199
Let u = 7630 - -26036. What are the prime factors of u?
2, 3, 31, 181
Suppose 20*g = -10 - 50. What are the prime factors of 1 + -4 + g + (81 - 2)?
73
Suppose -2*r + 5*x = -11846 + 3111, 4*r + x = 17393. What are the prime factors of r?
2, 3, 5, 29
Let o = 166783 + -72454. What are the prime factors of o?
3, 47, 223
Let i = 27 + -24. Let z(f) = -f**3 + 3*f**2 - 2*f + 4. Let y be z(i). Let o(k) = -8*k**3 - 1. List the prime factors of o(y).
3, 7
Let d(u) = 161*u + 40. Let l be d(10). Suppose 5*t + l = 7*t. Suppose -5*k + t = 110. What are the prime factors of k?
11, 13
Let p(l) = 28*l**2 + 5*l - 8*l**2 + 10 - 18*l**2. List the prime factors of p(14).
2, 59
List the prime factors of 6/(-20)*26*(-65500)/150.
2, 13, 131
Suppose 99*a = 11*a + 14*a + 2840416. What are the prime factors of a?
2, 2399
Suppose -48*g = -72304 - 60608. Let c = g - 1515. List the prime factors of c.
2, 3, 11, 19
Suppose 2*i + 118*f - 27629 = 117*f, 0 = -4*i + 3*f + 55263. List the prime factors of i.
3, 5, 307
Suppose 7*h - 38485 = -2*k, -5*k - 182*h + 184*h = -96271. What are the prime factors of k?
13, 1481
Let z(w) = 14*w. Let d(n) = 3 + 7 + 11 - n**2 - 5*n. Let t be d(-7). List the prime factors 